 = -b + 1. Calculate the remainder when 8 is divided by p(u).
3
Suppose 21 = 3*s - 3. What is the remainder when s is divided by (52/(-8) - -4)*-2?
3
Let s be 0/(-1)*(1 + 0). Suppose 2*v = -s*v. Suppose 2*l - 36 + 0 = v. Calculate the remainder when l is divided by 10.
8
Let g = -18 + 20. Let q = 1 - 0. Calculate the remainder when g is divided by q.
0
Let h(t) = 26*t**3 - t. Let k be h(-1). Let v = 47 + k. Calculate the remainder when v is divided by 12.
10
Let x(k) = k. Let j be x(3). Calculate the remainder when 24 + -1 + (1 - j) is divided by 6.
3
Let f = 17 + -9. Suppose f*a - 55 = 3*a. Suppose -227 + 17 = -5*z. What is the remainder when z is divided by a?
9
Suppose -7*l = -20*l + 416. Calculate the remainder when l is divided by 11.
10
Let h = 67 + -55. What is the remainder when 33 is divided by h?
9
Suppose -a = f - 17, 4*a - 49 + 0 = -3*f. What is the remainder when 51 is divided by f?
13
Suppose 0 = -f + 6 - 2. What is the remainder when (-468)/(-81) - f/(-18) is divided by 2?
0
Let b = -17 + 10. Calculate the remainder when (-149)/b - 8/28 is divided by 66/6 - 0/(-1).
10
Let z(l) = -l**2 + 5*l - 6. Let s be z(4). Let c be -4 + -1 - s/1. Calculate the remainder when 4*8 + (c - -2) is divided by 11.
9
Let p = -60 - -133. What is the remainder when p is divided by 19?
16
Let q(s) = -4*s + 7. Let r be q(9). Let m = r - -61. Let j = 8 - -3. What is the remainder when m is divided by j?
10
Let m(q) = -q**2 + 8*q + 3. Calculate the remainder when 41 is divided by m(6).
11
Let p(x) = x**3 + 8*x**2 + 4*x - 2. Calculate the remainder when 55 is divided by p(-7).
17
Let f(s) = s**2 - 7*s - 1. What is the remainder when f(8) is divided by 5?
2
Let j = -116 + 46. Calculate the remainder when 41 is divided by (1*-1)/(5/j).
13
Let c(u) = 7*u**2 + u - 2. Calculate the remainder when c(-2) is divided by 9.
6
Suppose 11 - 351 = -17*v. What is the remainder when 77 is divided by v?
17
Suppose -3 = j - 8, -82 = -4*f + 2*j. Suppose -r - 4*t = -48, r - 5*r = -4*t - 292. What is the remainder when r is divided by f?
22
Let a(b) = -b**3 + 7*b**2 - 5*b - 3. Calculate the remainder when ((-6)/(-2))/(0 + (-1 - -2)) is divided by a(6).
0
Suppose 5*z + 251 = 2*h + 82, 5*h - z - 411 = 0. Calculate the remainder when h is divided by 33.
16
Suppose -5*i - 3*g = 2*g - 95, -2*i = 4*g - 30. What is the remainder when i is divided by 13?
10
Suppose -4*t - d = 4*d - 201, -215 = -5*t + d. Suppose -t = -n - 11. Suppose -5*a = -11 - 74. What is the remainder when n is divided by a?
16
Suppose -d - 25 = -2*d. What is the remainder when d is divided by 9?
7
Suppose 4*h - c - 5 = 4, -3 = -2*h - c. Suppose -q = -4*a + 19, -5*a = -0*q + h*q - 14. Suppose -65 = 3*o - 8*o. What is the remainder when o is divided by a?
1
Suppose -3*d + 24 = 4*b - b, 4*d - 11 = 3*b. What is the remainder when (36/14)/(((-8)/4)/(-14)) is divided by d?
3
Let m(g) = g - 5. Let x be m(9). Suppose 0*s + 2*s + 4*a = 8, x*s - a + 2 = 0. Suppose -5*t + 166 + 39 = s. What is the remainder when t is divided by 11?
8
What is the remainder when 28*(-2 + (-22)/(-8)) is divided by 2 - -6 - (-4 + 1)?
10
Suppose -8 = 2*k - 4*k, -5*k + 26 = 2*x. What is the remainder when 3 is divided by x?
0
Let v(n) = n**2 - 10*n + 12. Let o be v(8). Calculate the remainder when ((-300)/18)/(o/6) is divided by 14.
11
Suppose -d = -3*d + 12. Suppose 3*r + s = -r + 277, 3*s = -9. Suppose -15 = -3*b, -3*o - 2*o = 4*b - r. Calculate the remainder when o is divided by d.
4
Let r be (-26)/(-3) + (-2)/3. Let t be (r/(-10))/(12/(-30)). Suppose -t*m + 4*k = -74, -3*m + 4*k + 136 = m. What is the remainder when m is divided by 11?
9
Let h(g) = -g**3 + 8*g**2 + 9*g + 9. Calculate the remainder when 51 is divided by h(9).
6
Suppose j = 2*j - 23. Calculate the remainder when 2/(-4) - (-182)/4 is divided by j.
22
Let h(y) = y + 10. What is the remainder when 5 is divided by h(-7)?
2
Suppose -2*c + 0 - 14 = 0. Let r(w) = -w**3 - 6*w**2 - 3*w + 6. Let u be r(c). Suppose 5*x - 7*x + u = 0. What is the remainder when x is divided by 13?
12
Let t(o) = -3*o - 2. Let c = 36 + -22. Suppose 4*p = 3*g + c, -g = 5*p + 6 + 5. What is the remainder when t(g) is divided by 6?
4
Suppose -2*v - 3 = -4*x - 3*v, 5*v = 2*x - 29. Suppose -4*b + 252 = -x*z + 6*z, 3*z - 5*b - 213 = 0. Calculate the remainder when z is divided by 17.
15
Let u be (5/2)/((-3)/(-6)). Suppose 0 = 4*p - 8, u*p - 5 = s - 0*s. What is the remainder when s is divided by 2?
1
Let p(a) = a**3 - 10*a**2 + 11*a - 9. What is the remainder when p(9) is divided by (-22)/(-6) + 1/3?
1
Let a(n) = -n**2 - 6*n - 1. Let c be (4/(-3))/(6/(-9)). Suppose -c*v + 31 = 7. What is the remainder when v is divided by a(-4)?
5
Suppose 0*t - 25 = -5*t. Let z(b) = b + 7. Calculate the remainder when 23 is divided by z(t).
11
Suppose -3*z + 2*o + o + 72 = 0, -3*z + 72 = -o. Calculate the remainder when z is divided by 18.
6
Let q(v) = 59*v**2 + 3*v + 3. What is the remainder when q(-1) is divided by 16?
11
Let g be (-24)/(1 + (-3)/(-6)). Let t = g + 23. Let k = t - 0. What is the remainder when 12 is divided by k?
5
Let v = -65 - -95. Calculate the remainder when 119 is divided by v.
29
Let h(u) = u**3 + 10*u**2 + 10*u - 13. What is the remainder when h(-8) is divided by 4?
3
Let w be 2/(3*2/(-177)). Let q = 84 + w. What is the remainder when q is divided by ((-6)/(-4))/((-2)/(-12))?
7
Let y = -1 - -3. Suppose -2*w - 6 = 5*b - 4*w, 9 = -3*b + 3*w. Suppose -v + y*v - 12 = b. Calculate the remainder when 35 is divided by v.
11
Let t(g) = g**3 - 7*g**2 + 8*g. Let i be ((-138)/(-9))/(4/30). Suppose 5*d - i = -2*u, -4*d + 3*u = -6*d + 46. What is the remainder when d is divided by t(6)?
11
Let p = 33 + 25. Calculate the remainder when p is divided by 15.
13
Suppose -5*f + 348 = 3*m, -f = 3*f - 5*m - 271. Suppose 4*s - f = s + 5*l, l = -3. Calculate the remainder when 35 is divided by s.
17
Let o(a) = -a**2 - 5*a + 5. What is the remainder when 62 is divided by o(-4)?
8
Let m(h) = -h**3 + 6*h**2 + 8*h - 1. What is the remainder when 18 is divided by m(7)?
0
Suppose -3*p = -6, -6*w + 18 = -2*w - p. Calculate the remainder when 9 is divided by w.
4
Let j(d) = 19*d**2 + 24*d. What is the remainder when j(-2) is divided by 15?
13
Let d(v) = -v**2. Let r(y) = 5*y**2 + y + 5. Let k(p) = -6*d(p) - r(p). What is the remainder when k(-5) is divided by (18/(-8))/((-2)/8)?
7
Let v(w) = -w**3 + 5*w**2 - 2*w + 1. Suppose 0 = -0*y + y - 2. Let l be v(y). What is the remainder when 20 is divided by (-22)/(-3) - 3/l?
6
Let j(v) = v**2 - 5*v - 3. Let i be j(6). Let c(d) = 17*d. Let a be c(i). Suppose -4*p = -17 - a. What is the remainder when p is divided by 9?
8
Suppose -2*d = -51 - 1. Let a = 21 + d. Suppose 2*t - 48 = -t. Calculate the remainder when a is divided by t.
15
Let p(l) = l - 2. Let r be p(-4). Let k(z) = z**3 + 6*z**2 - 4*z - 7. Calculate the remainder when k(r) is divided by 9.
8
Suppose -34 = -3*c + 4*z, -38 = -5*c - 3*z + 9. Calculate the remainder when 97 is divided by c.
7
Let u(k) = k + 11. Let x be u(-10). Let y = x + 13. What is the remainder when 26 is divided by y?
12
Suppose -41*n + 43*n = 94. What is the remainder when n is divided by 12?
11
Let h(v) = v**3 - 7*v**2 + 5*v + 1. Let n be h(5). Let a(p) = p**2 + 3*p - 7. Let o be a(-5). Calculate the remainder when n/((-3)/6*o) is divided by 9.
7
Let b be 2/1*(1 + 1). Let n(l) be the second derivative of -l**5/20 + 5*l**4/12 + l**2/2 - l. Calculate the remainder when n(b) is divided by 6.
5
Suppose 3*p - 10 = 8. Let i(b) = -b + 11. Calculate the remainder when i(p) is divided by 3.
2
Let c(p) = p**3 - 3*p**2 - 13*p - 6. Calculate the remainder when c(6) is divided by 13.
11
Suppose 0 - 23 = -g. Suppose -5*j - 2*x + 43 = -x, -2*x = 5*j - 46. What is the remainder when g is divided by j?
7
Let d be (-5)/(-4) - (-4)/(-16). Let n(j) = 53*j**2 - 2*j + 1. Calculate the remainder when n(d) is divided by 18.
16
Let v(q) be the second derivative of -3*q**2 - 1/12*q**4 + q - 5/3*q**3 + 0. What is the remainder when v(-7) is divided by 8?
7
Let m(z) = -2*z**2 + 8*z**3 - 5 + 0*z**2 + 6. Let d = -4 + 7. Calculate the remainder when m(1) is divided by d.
1
Let c = -21 + 42. What is the remainder when c is divided by 79/7 + 10/(-35)?
10
Suppose 2*o + 3*y = 27, -3*o + 20 =